
586
-1a4c (base 13) to base 8
-7557
-1011100100101 (base 2) to base 3
-22010110
What is -80a (base 15) in base 3?
-2111001
What is 1534 (base 6) in base 3?
120111
-31a5 (base 13) to base 8
-15357
-aa7 (base 15) to base 11
-1899
Convert -8a0 (base 16) to base 5.
-32313
What is -355 (base 11) in base 10?
-423
What is 233 (base 15) in base 11?
413
What is 100001110100001 (base 2) in base 15?
51e3
202361 (base 7) to base 11
23a05
What is -112110 (base 3) in base 5?
-3030
Convert b6 (base 14) to base 9.
187
What is b86 (base 15) in base 14?
d3b
-1456 (base 7) to base 10
-580
What is -4024 (base 11) in base 16?
-14e6
Convert 24965 (base 10) to base 6.
311325
What is 11052 (base 6) in base 13?
91a
-26000 (base 8) to base 12
-6628
Convert 110110101 (base 2) to base 10.
437
Convert 1434424 (base 5) to base 15.
910e
Convert -1a5 (base 16) to base 13.
-265
122323 (base 8) to base 2
1010010011010011
Convert 31232 (base 4) to base 7.
2363
Convert -81d5 (base 16) to base 4.
-20013111
Convert 10000110001110 (base 2) to base 11.
64aa
Convert 5804 (base 10) to base 11.
43a7
-111 (base 12) to base 11
-133
Convert -2426 (base 7) to base 5.
-12102
What is a09 (base 13) in base 11?
1305
22a8 (base 12) to base 10
3872
102020020 (base 3) to base 9
12206
What is 13222333 (base 4) in base 7?
160420
Convert -122324 (base 5) to base 15.
-15e4
17416 (base 11) to base 10
24459
Convert 10001000010 (base 2) to base 15.
4ca
-43 (base 7) to base 10
-31
What is 2083 (base 9) in base 16?
5fd
Convert -200 (base 3) to base 7.
-24
What is 2537 (base 14) in base 10?
6517
Convert -62427 (base 8) to base 7.
-135310
What is -21444 (base 5) in base 2?
-10111011011
111101011 (base 2) to base 6
2135
Convert -22311 (base 4) to base 2.
-1010110101
What is -12072 (base 8) in base 12?
-2bb6
Convert 180 (base 15) to base 11.
294
-42284 (base 9) to base 6
-333204
-13124 (base 6) to base 11
-1555
What is 1001101101101000 (base 2) in base 16?
9b68
What is 1223211 (base 4) in base 14?
271b
20112200 (base 3) to base 2
1001010100010
What is 1778 (base 9) in base 12?
95b
985 (base 11) to base 9
1553
Convert -116 (base 16) to base 6.
-1142
Convert 830 (base 9) to base 11.
564
Convert 1321 (base 7) to base 9.
621
-1441 (base 9) to base 11
-901
Convert 211202 (base 3) to base 8.
1146
Convert -13031 (base 5) to base 14.
-528
221023 (base 4) to base 3
10121121
-922 (base 12) to base 3
-1210222
Convert -31123 (base 6) to base 15.
-1370
Convert 103003 (base 4) to base 14.
631
Convert 1213 (base 5) to base 4.
2313
Convert -222404 (base 7) to base 3.
-1222220122
-1452 (base 7) to base 15
-286
What is 12031 (base 4) in base 6?
1501
-2470 (base 11) to base 7
-12253
-3c4 (base 13) to base 3
-220201
-6632 (base 14) to base 15
-538e
Convert -2134 (base 8) to base 13.
-67b
Convert 52242 (base 8) to base 5.
1143131
What is -63b1 (base 12) in base 7?
-43606
What is 100000110101 (base 2) in base 13?
c58
Convert -10f73 (base 16) to base 8.
-207563
Convert -688 (base 15) to base 8.
-2706
34b (base 15) to base 8
1352
What is 135525 (base 6) in base 7?
52505
-2332103 (base 4) to base 15
-391e
Convert 1100222 (base 3) to base 4.
33212
Convert -23203 (base 4) to base 15.
-344
Convert 15771 (base 9) to base 5.
321322
-13501 (base 7) to base 14
-14a8
What is 15302 (base 8) in base 9?
10351
What is 1100011000 (base 2) in base 12?
560
3120 (base 8) to base 15
72b
Convert 2022 (base 7) to base 5.
10302
Convert 4703 (base 11) to base 14.
2370
-110010010 (base 2) to base 14
-20a
-22302 (base 4) to base 15
-310
Convert e7d (base 15) to base 14.
1296
What is -23503 (base 6) in base 8?
-6537
1031032 (base 4) to base 5
124232
-21012001 (base 3) to base 11
-3a33
4d4 (base 16) to base 13
741
What is -751 (base 11) in base 16?
-387
Convert -27 (base 10) to base 15.
-1c
Convert -b728 (base 13) to base 7.
-134002
7d (base 15) to base 11
a8
What is -226356 (base 7) in base 6?
-512130
Convert 10776 (base 14) to base 3.
2000201111
Convert 58 (base 15) to base 6.
215
-7d (base 15) to base 7
-226
-1010000001011 (base 2) to base 4
-1100023
f7 (base 16) to base 11
205
Convert -120 (base 12) to base 3.
-20020
Convert -221201 (base 3) to base 2.
-1010110110
What is -5014 (base 11) in base 4?
-1220032
What is 736 (base 10) in base 9?
1007
What is 4022 (base 5) in base 2?
1000000000
Convert -1ce7 (base 15) to base 2.
-1100010010100
Convert -20532 (base 6) to base 9.
-3742
What is -11232 (base 7) in base 4?
-230301
135562 (base 8) to base 7
256621
60a (base 13) to base 3
1101221
What is 1011 (base 4) in base 8?
105
441 (base 8) to base 14
169
Convert -804 (base 9) to base 13.
-3b2
What is 4574 (base 11) in base 14?
2294
What is -1c580 (base 13) in base 3?
-2211122102
What is 16255 (base 7) in base 10?
4597
What is -1358 (base 10) in base 5?
-20413
Convert 6d6 (base 16) to base 2.
11011010110
-1000100001100111 (base 2) to base 7
-203543
What is -101011 (base 3) in base 6?
-1134
What is -1111111100001 (base 2) in base 14?
-2d8d
Convert 4200 (base 5) to base 10.
550
What is 1095 (base 11) in base 5?
21220
12236 (base 8) to base 7
21250
-15a4 (base 11) to base 16
-802
28 (base 15) to base 12
32
What is ac9 (base 16) in base 14?
1013
-11a6 (base 12) to base 8
-3716
308 (base 12) to base 10
440
Convert -100010000000100 (base 2) to base 5.
-1024122
325 (base 12) to base 9
562
-214 (base 11) to base 14
-145
Convert -bb2b (base 15) to base 16.
-9ad9
What is 2005 (base 7) in base 15?
311
What is 80 (base 9) in base 13?
57
Convert -2b5 (base 15) to base 5.
-4440
Convert 6276 (base 8) to base 10.
3262
Convert -18a1 (base 12) to base 3.
-11010011
Convert 0 (base 9) to base 11.
0
What is 100010010 (base 2) in base 13?
181
Convert 1474 (base 8) to base 12.
590
What is -11110001100011 (base 2) in base 9?
-23176
Convert 28c (base 14) to base 6.
2220
What is -47546 (base 9) in base 8?
-76062
What is 74173 (base 8) in base 7?
155631
What is 20123 (base 4) in base 8?
1033
What is -5057 (base 11) in base 2?
-1101000111101
-3dcb (base 15) to base 8
-31671
436 (base 15) to base 16
3b7
What is -150b (base 13) in base 2?
-101111101101
31310 (base 6) to base 8
10172
Convert 2a61 (base 11) to base 5.
111224
Convert -103 (base 13) to base 6.
-444
What is 10041 (base 7) in base 14?
c58
-2325 (base 9) to base 14
-8b2
9613 (base 10) to base 7
40012
What is 3311 (base 4) in base 8?
365
Convert -23232 (base 6) to base 8.
-6404
-24801 (base 9) to base 8
-40457
What is 27 (base 11) in base 2?
11101
-30022313 (base 4) to base 16
-c2b7
10011001100110 (base 2) to base 16
2666
48877 (base 9) to base 10
32794
1701 (base 11) to base 5
32204
What is 11111 (base 6) in base 5?
22210
What is -211121 (base 3) in base 12?
-42a
Convert -11222101 (base 3) to base 13.
-1861
-2021012 (base 4) to base 12
-50b2
What is 1157 (base 10) in base 16?
485
What is 1112 (base 10) in base 13?
677
What is 436 (base 14) in base 6?
3504
What is 1001111110110 (base 2) in base 16?
13f6
5a (base 16) to base 9
110
Convert 271 (base 10) to base 2.
100001111
What is 25433 (base 7) in base 8?
15121
-33021 (base 6) to base 8
-10705
Convert 1110313 (base 4) to base 2.
1010100110111
Convert -30cb (base 15) to base 10.
-10316
What is 132312 (base 4) in base 7?
5520
120101212 (base 3) to base 16
2bdc
-403253 (base 6) to base 13
-11667
What is -5666 (base 8) in base 6?
-21514
1101110111 (base 2) to base 15
3e2
845 (base 11) to base 16
3f9
-1001111100 (base 2) to base 6
-2540
Convert 445 (base 11) to base 3.
201202
What is -10cc (base 13) in base 2?
-100100111101
3014242 (base 5) to base 10
48072
Convert 1d3 (base 15) to base 14.
223
Convert 6 (base 11) to base 12.
6
What is 514 (base 11) in base 10?
620
967c (base 13) to base 3
1001122201
-617 (base 12) to base 9
-1181
What is 32636 (base 9) in base 6?
244140
28b4 (base 12) to base 14
1a2c
What is bb83 (base 12) in base 16?
50d3
Convert 10221 (base 4) to base 13.
19b
-1101100 (base 2) to base 11
-99
What is 392 (base 16) in base 6?
4122
What is 1d57 (base 16) in base 15?
235b
-12254 (base 6) to base 16
-72a
What is -425 (base 6) in base 3?
-12222
16c9 (base 14) to base 6
30545
125 (base 13) to base 9
242
What is -1101100 (base 3) in base 14?
-520
What is -16808 (base 10) in base 3?
-212001112
Convert -697 (base 10) to base 16.
-2b9
Convert 335a (base 16) to base 15.
3d66